{"id":325,"date":"2020-07-25T03:35:46","date_gmt":"2020-07-25T06:35:46","guid":{"rendered":"https:\/\/snfcadvogados.com.br\/?page_id=325"},"modified":"2026-03-09T04:08:39","modified_gmt":"2026-03-09T07:08:39","slug":"socios","status":"publish","type":"page","link":"https:\/\/snfcadvogados.com.br\/?page_id=325","title":{"rendered":"Experi\u00eancias"},"content":{"rendered":"\t\t<div data-elementor-type=\"wp-page\" data-elementor-id=\"325\" class=\"elementor elementor-325\" data-elementor-settings=\"[]\">\n\t\t\t\t\t\t<div class=\"elementor-inner\">\n\t\t\t\t\t\t\t<div class=\"elementor-section-wrap\">\n\t\t\t\t\t\t\t<section class=\"elementor-section elementor-top-section elementor-element elementor-element-4bee4f0 elementor-section-boxed elementor-section-height-default elementor-section-height-default\" data-id=\"4bee4f0\" data-element_type=\"section\" id=\"areasdeatuacao\" data-settings=\"{&quot;background_background&quot;:&quot;classic&quot;}\">\n\t\t\t\t\t\t\t<div class=\"elementor-background-overlay\"><\/div>\n\t\t\t\t\t\t\t<div class=\"elementor-container elementor-column-gap-default\">\n\t\t\t\t\t\t\t<div class=\"elementor-row\">\n\t\t\t\t\t<div class=\"elementor-column elementor-col-50 elementor-top-column elementor-element elementor-element-cb1c0c2\" data-id=\"cb1c0c2\" data-element_type=\"column\" data-settings=\"{&quot;background_background&quot;:&quot;classic&quot;}\">\n\t\t\t<div class=\"elementor-column-wrap elementor-element-populated\">\n\t\t\t\t\t\t\t<div class=\"elementor-widget-wrap\">\n\t\t\t\t\t\t<div class=\"elementor-element elementor-element-ed01b78 elementor-widget elementor-widget-heading\" data-id=\"ed01b78\" data-element_type=\"widget\" data-widget_type=\"heading.default\">\n\t\t\t\t<div class=\"elementor-widget-container\">\n\t\t\t<h2 class=\"elementor-heading-title elementor-size-default\">S\u00d3CIOS<\/h2>\t\t<\/div>\n\t\t\t\t<\/div>\n\t\t\t\t<div class=\"elementor-element elementor-element-a81fadb elementor-widget elementor-widget-text-editor\" data-id=\"a81fadb\" data-element_type=\"widget\" data-widget_type=\"text-editor.default\">\n\t\t\t\t<div class=\"elementor-widget-container\">\n\t\t\t\t\t<div class=\"elementor-text-editor elementor-clearfix\"><p><em>Os s\u00f3cios do SONEHARA, NAVES &amp; FRANCO DE CARVALHO ADVOGADOS contam com vasta e diversificada experi\u00eancia nas \u00e1reas do Direito M\u00e9dico, Concession\u00e1rias de Rodovias, Direito Imobili\u00e1rio, Direito de Fam\u00edlia, Recupera\u00e7\u00e3o de Cr\u00e9dito e Direito Empresarial. <\/em><\/p><p><em>Dentro de escrit\u00f3rios reconhecidos nacionalmente, advogaram, em demandas judiciais e administrativas, em nome de grandes empresas como Ambev, Gerdau, Volkswagen, Ita\u00fa, Hewlett-Packard, ThyssenKrupp, Unimed, Centauro, Locam\u00e9rica-Unidas, Movida, Prosegur e outras de ramos diversos. <\/em><\/p><p><em>Al\u00e9m da experi\u00eancia em grandes escrit\u00f3rios, os s\u00f3cios atuaram, em cargos de lideran\u00e7a, dentro do departamento jur\u00eddico das multinacionais Localiza e Arteris (Autopista Fern\u00e3o Dias).<\/em><\/p><p><em>A experi\u00eancia dos s\u00f3cios tamb\u00e9m conta com atua\u00e7\u00e3o, em posi\u00e7\u00e3o de lideran\u00e7a, na Procuradoria-Geral do Munic\u00edpio de Contagem\/MG e em assessoria jur\u00eddica de \u00f3rg\u00e3os p\u00fablicos, tais como Secretaria Municipal de Sa\u00fade de Contagem\/MG e Assembleia Legislativa de Minas Gerais.<\/em><\/p><\/div>\n\t\t\t\t<\/div>\n\t\t\t\t<\/div>\n\t\t\t\t<div class=\"elementor-element elementor-element-17c5e03 elementor-widget elementor-widget-accordion\" data-id=\"17c5e03\" data-element_type=\"widget\" data-widget_type=\"accordion.default\">\n\t\t\t\t<div class=\"elementor-widget-container\">\n\t\t\t\t\t<div class=\"elementor-accordion\" role=\"tablist\">\n\t\t\t\t\t\t\t<div class=\"elementor-accordion-item\">\n\t\t\t\t\t<div id=\"elementor-tab-title-2491\" class=\"elementor-tab-title\" data-tab=\"1\" role=\"tab\" aria-controls=\"elementor-tab-content-2491\">\n\t\t\t\t\t\t\t\t\t\t\t\t\t<span class=\"elementor-accordion-icon elementor-accordion-icon-left\" aria-hidden=\"true\">\n\t\t\t\t\t\t\t\t\t\t\t\t\t\t\t<span class=\"elementor-accordion-icon-closed\"><i class=\"fas fa-plus\"><\/i><\/span>\n\t\t\t\t\t\t\t\t<span class=\"elementor-accordion-icon-opened\"><i class=\"fas fa-minus\"><\/i><\/span>\n\t\t\t\t\t\t\t\t\t\t\t\t\t\t<\/span>\n\t\t\t\t\t\t\t\t\t\t\t\t<a class=\"elementor-accordion-title\" href=\"\">Andr\u00e9 Martins Sonehara<\/a>\n\t\t\t\t\t<\/div>\n\t\t\t\t\t<div id=\"elementor-tab-content-2491\" class=\"elementor-tab-content elementor-clearfix\" data-tab=\"1\" role=\"tabpanel\" aria-labelledby=\"elementor-tab-title-2491\"><p><img loading=\"lazy\" decoding=\"async\" class=\"size-medium wp-image-944 aligncenter\" src=\"https:\/\/snfcadvogados.com.br\/wp-content\/uploads\/2023\/11\/andr\u00e9-200x300.jpg\" alt=\"\" width=\"200\" height=\"300\" srcset=\"https:\/\/snfcadvogados.com.br\/wp-content\/uploads\/2023\/11\/andr\u00e9-200x300.jpg 200w, https:\/\/snfcadvogados.com.br\/wp-content\/uploads\/2023\/11\/andr\u00e9.jpg 682w\" sizes=\"auto, (max-width: 200px) 100vw, 200px\" \/><\/p><p><em>S\u00f3cio fundador do Sonehara, Naves &amp; Franco de Carvalho Advogados. Advogado graduado pela Universidade Fumec. P\u00f3s-graduado em Direito de Fam\u00edlia e Sucess\u00f5es e em Direito Processual. Com experi\u00eancia em Direito Privado dentro de escrit\u00f3rios de advocacia de diversos portes, bem como compondo o corpo jur\u00eddico de empresa multinacional. Atuou com Direito de Sa\u00fade no escrit\u00f3rio K\u00e1tia Rocha Advogados, em nome de Hospitais, Cl\u00ednicas, M\u00e9dicos, dentre outros. Atuou na equipe de Direito Civil Estrat\u00e9gico no escrit\u00f3rio Marcelo Tostes Advogados, acompanhando a\u00e7\u00f5es estrat\u00e9gicas de grandes empresas como Gerdau, Locam\u00e9rica-Unidas, Centauro, HP, Thyssenkrup, Ambev, dentre outras. Comp\u00f4s o corpo jur\u00eddico da multinacional Localiza em posi\u00e7\u00e3o de lideran\u00e7a na equipe de Direito Civil.<\/em><\/p><\/div>\n\t\t\t\t<\/div>\n\t\t\t\t\t\t\t<div class=\"elementor-accordion-item\">\n\t\t\t\t\t<div id=\"elementor-tab-title-2492\" class=\"elementor-tab-title\" data-tab=\"2\" role=\"tab\" aria-controls=\"elementor-tab-content-2492\">\n\t\t\t\t\t\t\t\t\t\t\t\t\t<span class=\"elementor-accordion-icon elementor-accordion-icon-left\" aria-hidden=\"true\">\n\t\t\t\t\t\t\t\t\t\t\t\t\t\t\t<span class=\"elementor-accordion-icon-closed\"><i class=\"fas fa-plus\"><\/i><\/span>\n\t\t\t\t\t\t\t\t<span class=\"elementor-accordion-icon-opened\"><i class=\"fas fa-minus\"><\/i><\/span>\n\t\t\t\t\t\t\t\t\t\t\t\t\t\t<\/span>\n\t\t\t\t\t\t\t\t\t\t\t\t<a class=\"elementor-accordion-title\" href=\"\">Henrique Naves Pereira<\/a>\n\t\t\t\t\t<\/div>\n\t\t\t\t\t<div id=\"elementor-tab-content-2492\" class=\"elementor-tab-content elementor-clearfix\" data-tab=\"2\" role=\"tabpanel\" aria-labelledby=\"elementor-tab-title-2492\"><p><img loading=\"lazy\" decoding=\"async\" class=\"size-medium wp-image-948 aligncenter\" src=\"https:\/\/snfcadvogados.com.br\/wp-content\/uploads\/2023\/11\/henrique-200x300.jpg\" alt=\"\" width=\"200\" height=\"300\" srcset=\"https:\/\/snfcadvogados.com.br\/wp-content\/uploads\/2023\/11\/henrique-200x300.jpg 200w, https:\/\/snfcadvogados.com.br\/wp-content\/uploads\/2023\/11\/henrique.jpg 682w\" sizes=\"auto, (max-width: 200px) 100vw, 200px\" \/><\/p><p><em>S\u00f3cio fundador do Sonehara, Naves &amp; Franco de Carvalho Advogados, coordenador da \u00e1rea de Direito M\u00e9dico. Advogado, jornalista, especialista em Direito Processual pela PUC-MG e em Direito M\u00e9dico e da Sa\u00fade pela Escola Brasileira de Direito, com forma\u00e7\u00e3o em Direito M\u00e9dico tamb\u00e9m pelo Instituto Paulista de Direito M\u00e9dico. Membro titular da Comiss\u00e3o de Direito M\u00e9dico da OAB\/MG. Advogado da Sociedade Brasileira de Cirurgia Pl\u00e1stica (Regional MG) e Sociedade Brasileira de Dermatologia (Regional MG). Atuou por quase 10 anos dentro de \u00f3rg\u00e3os da Administra\u00e7\u00e3o P\u00fablica Municipal e Estadual e em escrit\u00f3rio de advocacia dedicado \u00e0 rela\u00e7\u00e3o das esferas privada e p\u00fablica. Ocupou cargos em posi\u00e7\u00e3o de lideran\u00e7a na Procuradoria Geral do Munic\u00edpio de Contagem, no departamento jur\u00eddico da Funda\u00e7\u00e3o de Assist\u00eancia M\u00e9dica e de Urg\u00eancia de Contagem e Secretaria Municipal de Sa\u00fade de Contagem. Atuou ainda na coordena\u00e7\u00e3o do departamento de processo legislativo em gabinetes da Assembleia Legislativa de Minas Gerais.<\/em><\/p><\/div>\n\t\t\t\t<\/div>\n\t\t\t\t\t\t\t<div class=\"elementor-accordion-item\">\n\t\t\t\t\t<div id=\"elementor-tab-title-2493\" class=\"elementor-tab-title\" data-tab=\"3\" role=\"tab\" aria-controls=\"elementor-tab-content-2493\">\n\t\t\t\t\t\t\t\t\t\t\t\t\t<span class=\"elementor-accordion-icon elementor-accordion-icon-left\" aria-hidden=\"true\">\n\t\t\t\t\t\t\t\t\t\t\t\t\t\t\t<span class=\"elementor-accordion-icon-closed\"><i class=\"fas fa-plus\"><\/i><\/span>\n\t\t\t\t\t\t\t\t<span class=\"elementor-accordion-icon-opened\"><i class=\"fas fa-minus\"><\/i><\/span>\n\t\t\t\t\t\t\t\t\t\t\t\t\t\t<\/span>\n\t\t\t\t\t\t\t\t\t\t\t\t<a class=\"elementor-accordion-title\" href=\"\">Leonardo Ribeiro Caldeira Brant Junior<\/a>\n\t\t\t\t\t<\/div>\n\t\t\t\t\t<div id=\"elementor-tab-content-2493\" class=\"elementor-tab-content elementor-clearfix\" data-tab=\"3\" role=\"tabpanel\" aria-labelledby=\"elementor-tab-title-2493\"><p><img loading=\"lazy\" decoding=\"async\" class=\"size-medium wp-image-952 aligncenter\" src=\"https:\/\/snfcadvogados.com.br\/wp-content\/uploads\/2023\/11\/leonardo-200x300.jpg\" alt=\"\" width=\"200\" height=\"300\" srcset=\"https:\/\/snfcadvogados.com.br\/wp-content\/uploads\/2023\/11\/leonardo-200x300.jpg 200w, https:\/\/snfcadvogados.com.br\/wp-content\/uploads\/2023\/11\/leonardo.jpg 682w\" sizes=\"auto, (max-width: 200px) 100vw, 200px\" \/><\/p><p><em>S\u00f3cio do Sonehara, Naves &amp; Franco de Carvalho Advogados. Advogado p\u00f3s-graduado em Direito Processual e em Direito Empresarial pela PUC-MG e especialista em Recupera\u00e7\u00e3o Judicial e Fal\u00eancias pela Funda\u00e7\u00e3o Get\u00falio Vargas e pelo Insper. Ampla experi\u00eancia em Direito Privado, em especial Direito Imobili\u00e1rio e Direito Empresarial com foco em contratos de loca\u00e7\u00f5es comerciais, demandas locat\u00edcias e de recupera\u00e7\u00e3o de cr\u00e9dito no \u00e2mbito de Shoppings Centers. Atuou tanto na \u00e1rea de contratos, como no Contencioso C\u00edvel estrat\u00e9gico do Escrit\u00f3rio Goulart &amp; Colepicolo Advogados, na elabora\u00e7\u00e3o de contratos diversos e no acompanhamento das a\u00e7\u00f5es locat\u00edcias dos principais empreendedores de shopping centers do Brasil em posi\u00e7\u00e3o de lideran\u00e7a na equipe de recupera\u00e7\u00e3o de cr\u00e9dito da unidade S\u00e3o Paulo.<\/em><\/p><\/div>\n\t\t\t\t<\/div>\n\t\t\t\t\t\t\t<div class=\"elementor-accordion-item\">\n\t\t\t\t\t<div id=\"elementor-tab-title-2494\" class=\"elementor-tab-title\" data-tab=\"4\" role=\"tab\" aria-controls=\"elementor-tab-content-2494\">\n\t\t\t\t\t\t\t\t\t\t\t\t\t<span class=\"elementor-accordion-icon elementor-accordion-icon-left\" aria-hidden=\"true\">\n\t\t\t\t\t\t\t\t\t\t\t\t\t\t\t<span class=\"elementor-accordion-icon-closed\"><i class=\"fas fa-plus\"><\/i><\/span>\n\t\t\t\t\t\t\t\t<span class=\"elementor-accordion-icon-opened\"><i class=\"fas fa-minus\"><\/i><\/span>\n\t\t\t\t\t\t\t\t\t\t\t\t\t\t<\/span>\n\t\t\t\t\t\t\t\t\t\t\t\t<a class=\"elementor-accordion-title\" href=\"\">Rodrigo Oliveira Mattar Naves<\/a>\n\t\t\t\t\t<\/div>\n\t\t\t\t\t<div id=\"elementor-tab-content-2494\" class=\"elementor-tab-content elementor-clearfix\" data-tab=\"4\" role=\"tabpanel\" aria-labelledby=\"elementor-tab-title-2494\"><p><img loading=\"lazy\" decoding=\"async\" class=\"size-medium wp-image-954 aligncenter\" src=\"https:\/\/snfcadvogados.com.br\/wp-content\/uploads\/2023\/11\/rodrigo-200x300.jpg\" alt=\"\" width=\"200\" height=\"300\" srcset=\"https:\/\/snfcadvogados.com.br\/wp-content\/uploads\/2023\/11\/rodrigo-200x300.jpg 200w, https:\/\/snfcadvogados.com.br\/wp-content\/uploads\/2023\/11\/rodrigo.jpg 682w\" sizes=\"auto, (max-width: 200px) 100vw, 200px\" \/><\/p><p>S\u00f3cio fundador do Sonehara, Naves &amp; Franco de Carvalho Advogados. Advogado graduado pela Universidade Fumec e p\u00f3s-graduado em Direito Processual pela PUC-MG. Ampla experi\u00eancia dentro do Direito Privado, em especial em Direito Banc\u00e1rio e Empresarial com foco em recupera\u00e7\u00e3o de cr\u00e9dito, j\u00e1 tendo atuado em nome de bancos de grande porte, como o Banco Mercantil do Brasil S\/A e o Banco Inter S\/A, como s\u00f3cio do escrit\u00f3rio Haeckel Magalh\u00e3es e Advogados Associados.<\/p><\/div>\n\t\t\t\t<\/div>\n\t\t\t\t\t\t\t<div class=\"elementor-accordion-item\">\n\t\t\t\t\t<div id=\"elementor-tab-title-2495\" class=\"elementor-tab-title\" data-tab=\"5\" role=\"tab\" aria-controls=\"elementor-tab-content-2495\">\n\t\t\t\t\t\t\t\t\t\t\t\t\t<span class=\"elementor-accordion-icon elementor-accordion-icon-left\" aria-hidden=\"true\">\n\t\t\t\t\t\t\t\t\t\t\t\t\t\t\t<span class=\"elementor-accordion-icon-closed\"><i class=\"fas fa-plus\"><\/i><\/span>\n\t\t\t\t\t\t\t\t<span class=\"elementor-accordion-icon-opened\"><i class=\"fas fa-minus\"><\/i><\/span>\n\t\t\t\t\t\t\t\t\t\t\t\t\t\t<\/span>\n\t\t\t\t\t\t\t\t\t\t\t\t<a class=\"elementor-accordion-title\" href=\"\">Victor Carneiro Franco de Carvalho<\/a>\n\t\t\t\t\t<\/div>\n\t\t\t\t\t<div id=\"elementor-tab-content-2495\" class=\"elementor-tab-content elementor-clearfix\" data-tab=\"5\" role=\"tabpanel\" aria-labelledby=\"elementor-tab-title-2495\"><p><img loading=\"lazy\" decoding=\"async\" class=\"size-medium wp-image-955 aligncenter\" src=\"https:\/\/snfcadvogados.com.br\/wp-content\/uploads\/2023\/11\/victor-200x300.jpg\" alt=\"\" width=\"200\" height=\"300\" srcset=\"https:\/\/snfcadvogados.com.br\/wp-content\/uploads\/2023\/11\/victor-200x300.jpg 200w, https:\/\/snfcadvogados.com.br\/wp-content\/uploads\/2023\/11\/victor.jpg 682w\" sizes=\"auto, (max-width: 200px) 100vw, 200px\" \/><\/p><p>S\u00f3cio fundador do Sonehara, Naves &amp; Franco de Carvalho Advogados. Membro fundador da Associa\u00e7\u00e3o dos Advogados do Centro-Oeste de Minas Gerais. Advogado graduado pela Universidade Presidente Ant\u00f4nio Carlos (Barbacena\/MG) e com experi\u00eancia em Direito Privado dentro de escrit\u00f3rios de advocacia, bem como compondo o corpo jur\u00eddico de empresa multinacional concession\u00e1ria de Servi\u00e7o P\u00fablico. Comp\u00f4s, por 05 anos, o corpo jur\u00eddico da multinacional Arteris S\/A, concession\u00e1ria de servi\u00e7o p\u00fablico, uma das l\u00edderes entre as companhias do setor de concess\u00e3o de rodovias do Brasil, defendendo os interesses das empresas do grupo em demandas judicias e administrativas entre a concession\u00e1ria e os usu\u00e1rios bem como os \u00f3rg\u00e3os reguladores (ANTT e ARTESP). Atuou, ainda, na \u00e1rea de Direito Banc\u00e1rio no escrit\u00f3rio Bracarense &amp; Ribeiro Advogados, em nome de institui\u00e7\u00f5es financeiras como Ita\u00fa S.A. e Banco Votorantin S\/A.<\/p><\/div>\n\t\t\t\t<\/div>\n\t\t\t\t\t<\/div>\n\t\t\t\t<\/div>\n\t\t\t\t<\/div>\n\t\t\t\t\t\t<\/div>\n\t\t\t\t\t<\/div>\n\t\t<\/div>\n\t\t\t\t<div class=\"elementor-column elementor-col-50 elementor-top-column elementor-element elementor-element-cd695ff\" data-id=\"cd695ff\" data-element_type=\"column\">\n\t\t\t<div class=\"elementor-column-wrap elementor-element-populated\">\n\t\t\t\t\t\t\t<div class=\"elementor-widget-wrap\">\n\t\t\t\t\t\t<div class=\"elementor-element elementor-element-827cc68 elementor-widget elementor-widget-image\" data-id=\"827cc68\" data-element_type=\"widget\" data-widget_type=\"image.default\">\n\t\t\t\t<div class=\"elementor-widget-container\">\n\t\t\t\t\t<div class=\"elementor-image\">\n\t\t\t\t\t\t\t\t\t\t<img loading=\"lazy\" decoding=\"async\" width=\"957\" height=\"1024\" src=\"https:\/\/snfcadvogados.com.br\/wp-content\/uploads\/2024\/03\/Imagem-do-WhatsApp-de-2024-03-07-as-13.46.18_50befb00-957x1024.jpg\" class=\"attachment-large size-large\" alt=\"\" srcset=\"https:\/\/snfcadvogados.com.br\/wp-content\/uploads\/2024\/03\/Imagem-do-WhatsApp-de-2024-03-07-as-13.46.18_50befb00-957x1024.jpg 957w, https:\/\/snfcadvogados.com.br\/wp-content\/uploads\/2024\/03\/Imagem-do-WhatsApp-de-2024-03-07-as-13.46.18_50befb00-280x300.jpg 280w, https:\/\/snfcadvogados.com.br\/wp-content\/uploads\/2024\/03\/Imagem-do-WhatsApp-de-2024-03-07-as-13.46.18_50befb00-768x822.jpg 768w, https:\/\/snfcadvogados.com.br\/wp-content\/uploads\/2024\/03\/Imagem-do-WhatsApp-de-2024-03-07-as-13.46.18_50befb00-1435x1536.jpg 1435w, https:\/\/snfcadvogados.com.br\/wp-content\/uploads\/2024\/03\/Imagem-do-WhatsApp-de-2024-03-07-as-13.46.18_50befb00.jpg 1495w\" sizes=\"auto, (max-width: 957px) 100vw, 957px\" \/>\t\t\t\t\t\t\t\t\t\t\t<\/div>\n\t\t\t\t<\/div>\n\t\t\t\t<\/div>\n\t\t\t\t\t\t<\/div>\n\t\t\t\t\t<\/div>\n\t\t<\/div>\n\t\t\t\t\t\t\t\t<\/div>\n\t\t\t\t\t<\/div>\n\t\t<\/section>\n\t\t\t\t<section class=\"elementor-section elementor-top-section elementor-element elementor-element-26ce265 elementor-hidden-tablet elementor-hidden-phone elementor-section-boxed elementor-section-height-default elementor-section-height-default\" data-id=\"26ce265\" data-element_type=\"section\" data-settings=\"{&quot;background_background&quot;:&quot;classic&quot;}\">\n\t\t\t\t\t\t\t<div class=\"elementor-background-overlay\"><\/div>\n\t\t\t\t\t\t\t<div class=\"elementor-container elementor-column-gap-default\">\n\t\t\t\t\t\t\t<div class=\"elementor-row\">\n\t\t\t\t\t<div class=\"elementor-column elementor-col-100 elementor-top-column elementor-element elementor-element-5030ec4\" data-id=\"5030ec4\" data-element_type=\"column\">\n\t\t\t<div class=\"elementor-column-wrap elementor-element-populated\">\n\t\t\t\t\t\t\t<div class=\"elementor-widget-wrap\">\n\t\t\t\t\t\t<div class=\"elementor-element elementor-element-863c51e elementor-view-default elementor-widget elementor-widget-icon\" data-id=\"863c51e\" data-element_type=\"widget\" data-widget_type=\"icon.default\">\n\t\t\t\t<div class=\"elementor-widget-container\">\n\t\t\t\t\t<div class=\"elementor-icon-wrapper\">\n\t\t\t<a class=\"elementor-icon elementor-animation-pulse\" href=\"#inicio\">\n\t\t\t<i aria-hidden=\"true\" class=\"fas fa-chevron-up\"><\/i>\t\t\t<\/a>\n\t\t<\/div>\n\t\t\t\t<\/div>\n\t\t\t\t<\/div>\n\t\t\t\t\t\t<\/div>\n\t\t\t\t\t<\/div>\n\t\t<\/div>\n\t\t\t\t\t\t\t\t<\/div>\n\t\t\t\t\t<\/div>\n\t\t<\/section>\n\t\t\t\t<section class=\"elementor-section elementor-top-section elementor-element elementor-element-ec6111f elementor-section-boxed elementor-section-height-default elementor-section-height-default\" data-id=\"ec6111f\" data-element_type=\"section\" data-settings=\"{&quot;background_background&quot;:&quot;classic&quot;}\">\n\t\t\t\t\t\t<div class=\"elementor-container elementor-column-gap-default\">\n\t\t\t\t\t\t\t<div class=\"elementor-row\">\n\t\t\t\t\t<div class=\"elementor-column elementor-col-50 elementor-top-column elementor-element elementor-element-6333be2\" data-id=\"6333be2\" data-element_type=\"column\">\n\t\t\t<div class=\"elementor-column-wrap elementor-element-populated\">\n\t\t\t\t\t\t\t<div class=\"elementor-widget-wrap\">\n\t\t\t\t\t\t<div class=\"elementor-element elementor-element-98e37ea elementor-widget elementor-widget-text-editor\" data-id=\"98e37ea\" data-element_type=\"widget\" data-widget_type=\"text-editor.default\">\n\t\t\t\t<div class=\"elementor-widget-container\">\n\t\t\t\t\t<div class=\"elementor-text-editor elementor-clearfix\"><p>Sonehara, Naves &amp; Franco de Carvalho Advogados<\/p><p>Todos os direitos reservados \u00a9<\/p><\/div>\n\t\t\t\t<\/div>\n\t\t\t\t<\/div>\n\t\t\t\t\t\t<\/div>\n\t\t\t\t\t<\/div>\n\t\t<\/div>\n\t\t\t\t<div class=\"elementor-column elementor-col-50 elementor-top-column elementor-element elementor-element-64365fd\" data-id=\"64365fd\" data-element_type=\"column\">\n\t\t\t<div class=\"elementor-column-wrap elementor-element-populated\">\n\t\t\t\t\t\t\t<div class=\"elementor-widget-wrap\">\n\t\t\t\t\t\t<div class=\"elementor-element elementor-element-175df35 elementor-shape-circle elementor-grid-0 elementor-widget elementor-widget-social-icons\" data-id=\"175df35\" data-element_type=\"widget\" data-widget_type=\"social-icons.default\">\n\t\t\t\t<div class=\"elementor-widget-container\">\n\t\t\t\t\t<div class=\"elementor-social-icons-wrapper elementor-grid\">\n\t\t\t\t\t\t\t<div class=\"elementor-grid-item\">\n\t\t\t\t\t<a class=\"elementor-icon elementor-social-icon elementor-social-icon-instagram elementor-animation-pulse elementor-repeater-item-82957c9\" href=\"https:\/\/www.instagram.com\/medicodefesa\/\" target=\"_blank\">\n\t\t\t\t\t\t<span class=\"elementor-screen-only\">Instagram<\/span>\n\t\t\t\t\t\t<i class=\"fab fa-instagram\"><\/i>\t\t\t\t\t<\/a>\n\t\t\t\t<\/div>\n\t\t\t\t\t\t\t<div class=\"elementor-grid-item\">\n\t\t\t\t\t<a class=\"elementor-icon elementor-social-icon elementor-social-icon-linkedin elementor-animation-pulse elementor-repeater-item-d9db48e\" href=\"https:\/\/www.linkedin.com\/company\/snfcadvogados\" target=\"_blank\">\n\t\t\t\t\t\t<span class=\"elementor-screen-only\">Linkedin<\/span>\n\t\t\t\t\t\t<i class=\"fab fa-linkedin\"><\/i>\t\t\t\t\t<\/a>\n\t\t\t\t<\/div>\n\t\t\t\t\t\t\t<div class=\"elementor-grid-item\">\n\t\t\t\t\t<a class=\"elementor-icon elementor-social-icon elementor-social-icon-whatsapp elementor-animation-pulse elementor-repeater-item-c035ce8\" href=\"https:\/\/api.whatsapp.com\/send?phone=5537999421114\" target=\"_blank\">\n\t\t\t\t\t\t<span class=\"elementor-screen-only\">Whatsapp<\/span>\n\t\t\t\t\t\t<i class=\"fab fa-whatsapp\"><\/i>\t\t\t\t\t<\/a>\n\t\t\t\t<\/div>\n\t\t\t\t\t<\/div>\n\t\t\t\t<\/div>\n\t\t\t\t<\/div>\n\t\t\t\t\t\t<\/div>\n\t\t\t\t\t<\/div>\n\t\t<\/div>\n\t\t\t\t\t\t\t\t<\/div>\n\t\t\t\t\t<\/div>\n\t\t<\/section>\n\t\t\t\t\t\t<\/div>\n\t\t\t\t\t\t<\/div>\n\t\t\t\t\t<\/div>\n\t\t","protected":false},"excerpt":{"rendered":"<p>S\u00d3CIOS Os s\u00f3cios do SONEHARA, NAVES &amp; FRANCO DE CARVALHO ADVOGADOS contam com vasta e diversificada experi\u00eancia nas \u00e1reas do Direito M\u00e9dico, Concession\u00e1rias de Rodovias, Direito Imobili\u00e1rio, Direito de Fam\u00edlia, Recupera\u00e7\u00e3o de Cr\u00e9dito e Direito Empresarial. Dentro de escrit\u00f3rios reconhecidos nacionalmente, advogaram, em demandas judiciais e administrativas, em nome de grandes empresas como Ambev, Gerdau, [&hellip;]<\/p>\n","protected":false},"author":1,"featured_media":0,"parent":0,"menu_order":0,"comment_status":"closed","ping_status":"closed","template":"elementor_header_footer","meta":{"ocean_post_layout":"","ocean_both_sidebars_style":"","ocean_both_sidebars_content_width":0,"ocean_both_sidebars_sidebars_width":0,"ocean_sidebar":"0","ocean_second_sidebar":"0","ocean_disable_margins":"enable","ocean_add_body_class":"","ocean_shortcode_before_top_bar":"","ocean_shortcode_after_top_bar":"","ocean_shortcode_before_header":"","ocean_shortcode_after_header":"","ocean_has_shortcode":"","ocean_shortcode_after_title":"","ocean_shortcode_before_footer_widgets":"","ocean_shortcode_after_footer_widgets":"","ocean_shortcode_before_footer_bottom":"","ocean_shortcode_after_footer_bottom":"","ocean_display_top_bar":"default","ocean_display_header":"default","ocean_header_style":"","ocean_center_header_left_menu":"0","ocean_custom_header_template":"0","ocean_custom_logo":0,"ocean_custom_retina_logo":0,"ocean_custom_logo_max_width":0,"ocean_custom_logo_tablet_max_width":0,"ocean_custom_logo_mobile_max_width":0,"ocean_custom_logo_max_height":0,"ocean_custom_logo_tablet_max_height":0,"ocean_custom_logo_mobile_max_height":0,"ocean_header_custom_menu":"0","ocean_menu_typo_font_family":"0","ocean_menu_typo_font_subset":"","ocean_menu_typo_font_size":0,"ocean_menu_typo_font_size_tablet":0,"ocean_menu_typo_font_size_mobile":0,"ocean_menu_typo_font_size_unit":"px","ocean_menu_typo_font_weight":"","ocean_menu_typo_font_weight_tablet":"","ocean_menu_typo_font_weight_mobile":"","ocean_menu_typo_transform":"","ocean_menu_typo_transform_tablet":"","ocean_menu_typo_transform_mobile":"","ocean_menu_typo_line_height":0,"ocean_menu_typo_line_height_tablet":0,"ocean_menu_typo_line_height_mobile":0,"ocean_menu_typo_line_height_unit":"","ocean_menu_typo_spacing":0,"ocean_menu_typo_spacing_tablet":0,"ocean_menu_typo_spacing_mobile":0,"ocean_menu_typo_spacing_unit":"","ocean_menu_link_color":"","ocean_menu_link_color_hover":"","ocean_menu_link_color_active":"","ocean_menu_link_background":"","ocean_menu_link_hover_background":"","ocean_menu_link_active_background":"","ocean_menu_social_links_bg":"","ocean_menu_social_hover_links_bg":"","ocean_menu_social_links_color":"","ocean_menu_social_hover_links_color":"","ocean_disable_title":"on","ocean_disable_heading":"default","ocean_post_title":"","ocean_post_subheading":"","ocean_post_title_style":"","ocean_post_title_background_color":"","ocean_post_title_background":0,"ocean_post_title_bg_image_position":"","ocean_post_title_bg_image_attachment":"","ocean_post_title_bg_image_repeat":"","ocean_post_title_bg_image_size":"","ocean_post_title_height":0,"ocean_post_title_bg_overlay":0.5,"ocean_post_title_bg_overlay_color":"","ocean_disable_breadcrumbs":"off","ocean_breadcrumbs_color":"","ocean_breadcrumbs_separator_color":"","ocean_breadcrumbs_links_color":"","ocean_breadcrumbs_links_hover_color":"","ocean_display_footer_widgets":"off","ocean_display_footer_bottom":"off","ocean_custom_footer_template":"0","footnotes":""},"class_list":["post-325","page","type-page","status-publish","hentry","entry"],"_links":{"self":[{"href":"https:\/\/snfcadvogados.com.br\/index.php?rest_route=\/wp\/v2\/pages\/325","targetHints":{"allow":["GET"]}}],"collection":[{"href":"https:\/\/snfcadvogados.com.br\/index.php?rest_route=\/wp\/v2\/pages"}],"about":[{"href":"https:\/\/snfcadvogados.com.br\/index.php?rest_route=\/wp\/v2\/types\/page"}],"author":[{"embeddable":true,"href":"https:\/\/snfcadvogados.com.br\/index.php?rest_route=\/wp\/v2\/users\/1"}],"replies":[{"embeddable":true,"href":"https:\/\/snfcadvogados.com.br\/index.php?rest_route=%2Fwp%2Fv2%2Fcomments&post=325"}],"version-history":[{"count":49,"href":"https:\/\/snfcadvogados.com.br\/index.php?rest_route=\/wp\/v2\/pages\/325\/revisions"}],"predecessor-version":[{"id":1389,"href":"https:\/\/snfcadvogados.com.br\/index.php?rest_route=\/wp\/v2\/pages\/325\/revisions\/1389"}],"wp:attachment":[{"href":"https:\/\/snfcadvogados.com.br\/index.php?rest_route=%2Fwp%2Fv2%2Fmedia&parent=325"}],"curies":[{"name":"wp","href":"https:\/\/api.w.org\/{rel}","templated":true}]}}